it of w?
4
Let o = 68 + -65. Suppose 4*q = f + 3743, -o*q + f = -4*f - 2786. What is the tens digit of q?
3
Let c = -2014 - -2019. Let b(u) = 4*u**3 - 12*u**2 + 7*u - 5. Let a(l) = l**3 + l. Let p(f) = 3*a(f) - b(f). What is the units digit of p(c)?
0
Let i(d) = -6*d**3 + 3*d**2 + 6*d + 6. Let t be i(-5). Let w = -469 + t. What is the hundreds digit of w?
3
Let f = -693 - -414. Let j = f - -505. What is the hundreds digit of j?
2
Let t be 4 - 1/(-4 - (-2363)/591). What is the tens digit of t/(2 + 3) + 2?
2
Let p(v) = 52*v + 68. Let k be p(35). Suppose 4*l = 0, 2*h + k = 6*h - 2*l. What is the units digit of h?
2
Let a(j) = -110*j + 24. Let l be a(-1). Let w be (0 - (3 + 1))*14. Let i = w + l. What is the tens digit of i?
7
Suppose 4*o + 19 = t - 46, -80 = 4*o - 4*t. Let w be ((-12)/o)/(5/(-1300)). What is the tens digit of w/(-6) + 24/18?
3
Let z = 47557 - 11580. What is the units digit of z?
7
Let t = -4610 + 14247. What is the hundreds digit of t?
6
Suppose 4*d - d = 0. Let v be 8*(11 + (-765)/72). Suppose d*m + 278 = 4*m + 2*q, 5*m = -v*q + 346. What is the units digit of m?
1
Suppose 0 = 24*x - 20*x - 40. Suppose b = x*b - 36. Suppose 2*i + b*i = 78. What is the tens digit of i?
1
Suppose -6*z + 41 = 5. Suppose -3*c + 12 = -z*c. What is the units digit of 92 + (3/c)/((-2)/(-8))?
9
Suppose 85663 + 529254 = 110*w - 217563. What is the units digit of w?
8
Suppose 2*h - 4*u - 13370 = 0, 4*h + 2*u + 14834 - 41614 = 0. What is the tens digit of h?
9
Let p = -232 - -802. Suppose -93*k = -90*k - p. What is the units digit of k?
0
Let z be ((-1521)/(-26))/(-13)*-18. Suppose 0*d = d - 19. Let k = z - d. What is the units digit of k?
2
Let a(m) = -973*m + 1323. What is the hundreds digit of a(-15)?
9
Suppose 10*g - 1456 - 3584 = 0. Suppose 17*a - 3207 = -g. What is the tens digit of a?
5
Let m = 3224 - -8768. What is the hundreds digit of m?
9
Suppose 14759 = 4*a - a - 5*j, 14755 = 3*a - 4*j. What is the hundreds digit of a?
9
Suppose 1183 + 3965 = 6*z. Suppose -6*v + 5*v + z = 0. What is the units digit of v?
8
Suppose -2052 = -30*p + 26*p. Suppose -p = -3*o - 75. What is the tens digit of o?
4
Let c(f) = -25*f - 10. Let z be c(-6). Let v(t) = 3*t + 75. Let r be v(-25). Suppose r = -i - 0*s - 3*s + 72, 2*s - z = -2*i. What is the tens digit of i?
6
Let w = -242 + 249. Suppose -2*k + 3 + w = 0, -4*z - 4*k + 1588 = 0. What is the units digit of z?
2
Let j be (-2)/(-12)*16*(-81)/(-12). Let n = j + 231. What is the units digit of n?
9
Let a be 25/9 + 5/(360/16). Suppose -4*v - a*v = 0. Suppose 4*q = 0, -4*k + q + 308 = -v*k. What is the units digit of k?
7
Suppose -35*f + 98684 + 565828 = 29*f. What is the hundreds digit of f?
3
Suppose -o - 27 = -5*x, -3*x - 7*o + 7 = -3*o. Suppose -x*v + 244 = 2*w, 4*w = 2*v + v - 136. Let k = v + -27. What is the tens digit of k?
2
Let w be 3/(-7) - ((-208)/28 - 6). What is the hundreds digit of 17 + -12 - -37*w?
4
Suppose 0 = t + 3*x - 5772, -47*t + 44*t + 17346 = 4*x. What is the units digit of t?
0
Let k be (-1)/(-2) + (-3945)/(-30). Let h = k - -663. What is the units digit of h?
5
What is the hundreds digit of (-12262)/(-18) + ((-435)/135 - -3)?
6
Let a = -17649 + 27726. What is the ten thousands digit of a?
1
Let q = -9 + 11. Suppose -15 = i - 4*t - 37, -4*i + 18 = -q*t. What is the units digit of (0 - i) + 24/3?
6
Let j = 627 - 192. Suppose 2*w - j = -3*w. What is the tens digit of w/(-1)*6/(-6)?
8
Let v = -43 - -50. Let w = 3 - v. What is the units digit of (3 - (-12)/w) + 106?
6
Let z(u) = 844*u**2 - 24*u - 8. Let x be z(6). What is the thousands digit of x/20 - (2 + (-84)/35)?
1
Let h(b) = -5*b - 21. Let r be h(-6). Suppose -r*n + n = -1272. Suppose -4*p - 397 + n = -3*o, 0 = -5*o - 5*p + 385. What is the tens digit of o?
7
Suppose -35706 = 37*s - 10*s - 366483. What is the thousands digit of s?
2
Let v(a) = 181*a**3 + 2*a**2 - 4*a + 3. Let y(z) = -22*z - 241. Let i be y(-11). What is the tens digit of v(i)?
8
Let z(p) = 70*p + 61. Let c be z(19). Suppose -2*s = -y - 2569, 4*y - c = -3*s + 2457. What is the hundreds digit of s?
2
Let v = -542 + 604. Suppose -3*c = -16 + 4. Suppose c*r - 26 = v. What is the units digit of r?
2
Suppose -158 - 121 = c. What is the tens digit of (0 - -1)*1 + c/(-3)?
9
Let m be 1/4 - 10/8. Let g = -110 - -154. What is the tens digit of m/(2*1) + 1386/g?
3
Let q be 1800/(-32) + ((-27)/(-12) - 2). Let z be (1 + 0)/((q/8)/(-4130)). Suppose -3*i = 2*i - z. What is the units digit of i?
8
What is the tens digit of (-3)/(-7) + 1508274/217?
5
Suppose 22 - 31 = -3*c. Suppose 4*u - c*x - 3288 = 1157, 0 = u + x - 1106. Suppose -u = -8*g + 467. What is the tens digit of g?
9
Let f = -181 + 183. Let a(r) = 493*r + 81. What is the units digit of a(f)?
7
Let z(j) be the first derivative of -j**2/2 + j - 1. Let i be z(-2). What is the tens digit of (-2 - 11)*(i + -10)?
9
Let n = 1225 - 89. Suppose 0 = 5*z - m - 2820, -2*z + 0*z + 2*m + n = 0. What is the hundreds digit of z?
5
Suppose -5*m + 3*m + 2344 = -2570. What is the hundreds digit of m?
4
Let j = 34901 - 7777. What is the ten thousands digit of j?
2
Let l(b) = -256*b - 4. Let n be l(-1). Let t be n/30*(-10)/(-3). What is the hundreds digit of 1*(-16)/t + (-3012)/(-28)?
1
Let c(h) = -h**3 + 10*h**2 - 9*h. Let b be c(8). Suppose 5*z - 12*z = -b. Let v(a) = a**3 - 5*a**2 - 11*a - 2. What is the tens digit of v(z)?
0
Let s = -14818 - -31570. What is the thousands digit of s?
6
Let p(j) = -30*j**3 - 30*j**2 + 15*j - 23. What is the tens digit of p(-8)?
9
What is the units digit of (41222 - (-8 - 11)) + -10?
1
Suppose -u - 31286 = -4*r - 4056, -r + 6802 = -3*u. What is the hundreds digit of r?
8
What is the units digit of ((-36)/3)/(225/(-379725))?
2
Suppose -7*w = -11*w - 980. Let d be (-7)/(w/7405) + 8/(-14). Suppose 2*r = 5*x - d, -x - r + 6*r + 33 = 0. What is the units digit of x?
3
Let c = -1 - 6. Suppose 0 = -20*b - 49 - 151. What is the units digit of 9*9 + (c - b)?
4
Let d = -6199 + 8358. What is the tens digit of d?
5
Let j = -372 - -1095. Let c = j + -385. What is the units digit of c?
8
Suppose -31 = -5*j + 89. Let x be 30/j + (-630)/(-8). What is the tens digit of (1 + 10)/(16/x)?
5
Let u = 5221 + -1510. Suppose 5*y + 5*h - 6165 = 0, 9*y - u = 6*y + 3*h. What is the hundreds digit of y?
2
Let x(n) = -232*n**3 + 3*n**2 - 15*n - 66. What is the units digit of x(-3)?
0
Let x(v) = -34*v**3 + 28*v**2 - 7*v + 32. What is the hundreds digit of x(-9)?
1
Let b be (1 - 7) + 7 + -2. What is the units digit of (-5 + 124*13)/(b - -2)?
7
Let q(c) = -c**3 + 5*c**2 - 4*c + 3. Let d be q(4). Suppose -d*m - 852 = -9*m. What is the tens digit of m?
4
Suppose -4*h = 3*x - 33, -2*x - 14 = -4. What is the units digit of ((-13203)/108)/((-3)/h)?
9
Suppose -8*m - 15 = -55. Suppose -23*p + z + 976 = -20*p, 3*z - 1650 = -m*p. What is the hundreds digit of p?
3
Let k(q) = 213*q**3 - q**2 + 20*q - 32. What is the tens digit of k(2)?
0
Suppose -218*l = -220*l + 2*c + 11488, 0 = 3*l + 5*c - 17232. What is the hundreds digit of l?
7
Let y = 9580 - -8562. What is the units digit of y?
2
Suppose -5*k + 0 = -5*m + 20, -5*k - 3*m + 20 = 0. What is the units digit of (k/(-1))/(46326/(-5790) - -8)?
5
Let m(l) be the first derivative of 0*l**2 + 1/3*l**3 + 15*l - 17. What is the units digit of m(9)?
6
Let w = 17786 - 1722. What is the ten thousands digit of w?
1
Let f(h) = 8*h + 7. Let y(u) = -u. Let g(i) = -f(i) + 2*y(i). What is the tens digit of g(-18)?
7
Suppose -2*l - 15 = -g, -g + 8 = 2*l + 1. Suppose -4422 = -17*q + g*q. What is the units digit of q?
7
Suppose -r + x = -1, -4*x = 4*r - 2*r - 2. Let h be (-94)/(-3) + r/(-1 - 2). Let s = h - 18. What is the tens digit of s?
1
Let w(u) be the third derivative of 11*u**4/6 - 2*u**3 - 4*u**2 + u - 198. Let f = -2 + 4. What is the units digit of w(f)?
6
Suppose -76*x - 44867 = -961959. What is the tens digit of x?
6
Let l = 15 + -11. Suppose -d + 3 = 0, -3*q = -l*d - 1 - 2. Suppose m + 3*j = 87, -3*m + 375 = 2*m - q*j. What is the tens digit of m?
7
Let t be ((-3 + -4 + 7)/3)/2. Suppose 5*v + a - 45 = t, 0*a - 30 = -5*v + 2*a. Suppose -v*b = -2*b - 1812. What is the hundreds digit of b?
3
Let x be (-8)/14*(2 + -9). Let d(b) = 65*b - 37. What is the units digit of d(x)?
3
Let q = -11224 - -22177. What is the ten